 = -g**3 + g**2 + 3*g + 11. Let i(q) = -2*l(q) + u(q). List the prime factors of i(0).
11
Let s(h) = 6*h**3 + 4*h**3 + 6*h**3 - 5*h**3 - h**2 + 1. What are the prime factors of s(1)?
11
Let b(f) = f + 19. Suppose 5*q - 4*y = 28 - 8, 0 = q - y - 5. List the prime factors of b(q).
19
Let t(h) = 5*h - 5. Let c be t(6). Let l(n) = -n - 23. Let v be l(-5). Let i = v + c. What are the prime factors of i?
7
Let m = 20 + 10. What are the prime factors of m?
2, 3, 5
Suppose 4*b + 20 = 5*u, -u + 6 - 2 = -4*b. Suppose b = -0*o - 2*o + 14. What are the prime factors of o?
7
Let t(o) = 4*o - 9*o - 3 + 6*o + 1. What are the prime factors of t(6)?
2
Let f(n) = -160*n + 1. List the prime factors of f(-1).
7, 23
Suppose 3*c = -18*c + 8127. List the prime factors of c.
3, 43
Let o = -8 - -13. Suppose o*g - 4*g - 13 = 0. What are the prime factors of g?
13
Let d = 24 - 19. List the prime factors of d.
5
Suppose -3*m - m = -24. Let u(y) be the first derivative of y**3/3 - 3*y**2 + 7*y + 5. List the prime factors of u(m).
7
Let t(q) = q**3 + 2*q**2 + 1. Let a be t(-2). Let s be ((-2)/1 - 1)*a. What are the prime factors of (-3 + s)/(-3 - -1)?
3
Let k = -17 + 16. Let q(a) = -5*a + 4. Let z(s) = 10*s - 9. Let n(v) = 7*q(v) + 3*z(v). List the prime factors of n(k).
2, 3
Suppose 4 - 1 = 3*l. Let x = 4 + l. Suppose x*v = 2*v + 21. What are the prime factors of v?
7
Let r = -2 + 7. Let c(i) = -i**3 - r + 2*i - 3*i**2 + 0 - i. List the prime factors of c(-4).
7
Let k(u) = -u**3 + 2*u**2 + 2*u + 3. Let o be k(3). Let f(g) = -g**3 - g**2 + g. Let z be f(o). Suppose 0 = -d - z*d + 10. List the prime factors of d.
2, 5
Let r(p) be the third derivative of p**6/120 - p**3/6 + 4*p**2. Let h be r(-2). Let q = -2 - h. What are the prime factors of q?
7
Let g be (-3 - -1) + 0 + 6. Suppose -g + 2 = -q. What are the prime factors of q?
2
Let r(w) = -w**3 - w**2 - 5*w + 2. Let j(z) = 2*z**3 + z**2 + 9*z - 4. Let i(o) = -6*j(o) - 11*r(o). List the prime factors of i(5).
7
Suppose 0 = -z + 4 + 1. Let f = 12 - z. List the prime factors of f.
7
Let m = 0 - -2. What are the prime factors of m?
2
Let p = -6 + 10. Suppose 0 = -q - p*n - 0 + 6, -3*n - 5 = -4*q. List the prime factors of 19/q + (-1)/(-2).
2, 5
Suppose n + 3*l + 7 = -2*l, 2*n - 16 = 5*l. Suppose 5 = 5*a - n*f - 23, -3*f + 2 = a. What are the prime factors of a?
5
Let q(s) = -s**2 - 6*s + 2. Let j be q(-6). Suppose 0*b - 8 = -j*b. List the prime factors of b.
2
Suppose -3 + 21 = 2*p - 3*m, p + 4*m - 31 = 0. Let b = p - 11. List the prime factors of 0/(-2) + -2 + b.
2
Let k(b) be the first derivative of b**6/360 + b**5/60 + b**4/24 - b**3 - 3. Let i(s) be the third derivative of k(s). What are the prime factors of i(-3)?
2
Let m = 122 - 9. List the prime factors of m.
113
Let u be (-1)/2 + (-8)/16. What are the prime factors of (-3)/(-6)*(u + 43)?
3, 7
Suppose 4*p - 3*m - 34 = 0, 0*m + 4*m + 43 = 5*p. What are the prime factors of p?
7
Let u = 5 - 3. List the prime factors of u/(-6)*15*-3.
3, 5
List the prime factors of 39 + 1 - -2 - -2.
2, 11
Suppose 2*s - 13 = -2*v + v, 5*v + 13 = 3*s. Let y be ((-2)/3)/(s/(-45)). Suppose 48 = -2*i + y*i. List the prime factors of i.
2
Let l(v) = 5*v**3 + 3*v**2 + v. Let h be l(-2). What are the prime factors of h/9*(-96)/20?
2
Let h be ((-3)/(-6))/(2/(-8)). Let i be (1*h)/1 + 2. Suppose i = -3*z + 18 + 15. What are the prime factors of z?
11
Let s = -23 - -55. Suppose 6*q - 4*b - 56 = 2*q, 5*b = -q + s. What are the prime factors of q?
17
Let g(p) = 6*p**2 - 12*p - 1 + p**2 - 4*p**2. What are the prime factors of g(6)?
5, 7
Suppose -3*z - 5*m + 42 = -2*m, 0 = -m + 3. What are the prime factors of z?
11
Let l be -3 + (-4)/(-1) + -5. Let g = l + 15. What are the prime factors of g?
11
Suppose -3*y - 5 = -8*y. Let h = y + -2. List the prime factors of (-1 - h) + -2 + 7.
5
List the prime factors of 2670/9 - (10/6 + -1).
2, 37
Suppose -t - r - 1 = 0, r - 1 = -2*t - 2. Let y(b) = b + 6. What are the prime factors of y(t)?
2, 3
Let b = -9 + -9. Let v be 1/(-3*2/b). Suppose -77 = -5*f - 0*f - v*d, -64 = -4*f - 3*d. List the prime factors of f.
13
Let g(f) = 2*f. Let h = -2 + 10. What are the prime factors of g(h)?
2
Let j = -54 + 90. What are the prime factors of j?
2, 3
Let w(a) = 4*a**2 + 5. List the prime factors of w(-6).
149
Let q be 0 + 4 - (3 - 2). Let r(a) = -a**3 + 4*a**2 + a - 4. What are the prime factors of r(q)?
2
Let h = 12 - 12. Suppose -4*j = 3*u - 24, h = 3*j + 4*u - 0*u - 25. List the prime factors of j.
3
What are the prime factors of 90*(-1 - 20/8*-1)?
3, 5
Suppose 3*k = 2*k + 2. Let i be k/(-3)*(-6 + -48). What are the prime factors of 476/i - (-2)/(-9)?
13
Suppose 0 = -2*m + 4 + 2. Suppose -m = -5*s + 2. What are the prime factors of (4/10)/(s/5)?
2
Suppose 2*b - 5 - 15 = 0. Suppose 2*v - 32 = -2*x, 4*x = -5*v + b + 67. What are the prime factors of v?
13
Let h = 4 - 1. Suppose -2*r - 15 = -h*l + 6, -r - 28 = -5*l. List the prime factors of (-10)/r*6/5.
2
Let d be (-1 + 31)/(3/3). Suppose a + a = d. Suppose 57 = 4*z - a. List the prime factors of z.
2, 3
Suppose -5*m + 20 = -m. Suppose 13 = o - m. List the prime factors of o.
2, 3
Let x(a) = -a**2 - 2*a + 19. What are the prime factors of x(0)?
19
Suppose 0 = -p - 4*u - 21, 2*p = -2*u - 27 - 3. Let w = p - -26. Suppose -2*g + 0*s + 8 = 3*s, 3*g - w = -4*s. List the prime factors of g.
7
Let l(r) = -11*r - 42. List the prime factors of l(-18).
2, 3, 13
Suppose -5*o - 3*k - 26 = -2*k, -2*o - 4*k + 4 = 0. Let t = 10 + o. Suppose m = -m + t. What are the prime factors of m?
2
Suppose -4*s = -7*s + 153. What are the prime factors of s?
3, 17
Let r = 2 + 10. What are the prime factors of r?
2, 3
What are the prime factors of -3 + 126 + (0 - -4)?
127
Let m be (-2)/(22/26 - 1). Let q be (-12)/(-2)*(-2)/(-6). Suppose r + q = m. What are the prime factors of r?
11
List the prime factors of (-2)/10 + 6252/60.
2, 13
List the prime factors of -5 + (-9)/((-36)/328).
7, 11
Let x = 52 - -6. List the prime factors of x.
2, 29
What are the prime factors of 49 - 3*(-2 - (-6)/9)?
53
Let z = -12 - -7. Let o = 8 + z. Suppose o*x + x = 3*a + 11, 4*x + 5*a - 35 = 0. List the prime factors of x.
5
Suppose q - 13 = 85. List the prime factors of q.
2, 7
Let h be (-5 - -2)/(6/4). Let g be ((-10)/6)/(h/(-42)). Let t = -21 - g. List the prime factors of t.
2, 7
Suppose 2 = -4*h - 26. List the prime factors of (2/(-2))/(h/147).
3, 7
Let q = -6 - -11. Let x = 14 + q. List the prime factors of x.
19
Let t(m) = m**3 - 4*m**2 + 3*m - 3. Let f be t(3). Let q = f - 8. What are the prime factors of q/(-2) + 3/6?
2, 3
Let p(z) = z**3 - 5*z**2 - 6*z - 1. Let x be p(6). Let o be ((-1)/2)/(x/8). Let j = o - -2. What are the prime factors of j?
2, 3
List the prime factors of 448/48*(3 + 0 - 0).
2, 7
Suppose 6*a - a = 280. Let z = a - 18. What are the prime factors of z?
2, 19
Let c = 21 + 8. What are the prime factors of c?
29
Suppose 6 = -2*n + 4*n. Let w(b) = -13*b**n - 3 + 12*b**3 + 7 + 6*b**2 - 4*b. List the prime factors of w(5).
3
Let l(t) = -2*t**2 - 3*t. Let u be l(-2). Let r = u - -5. Suppose -31 = -5*m + r*k, 2*m - k = -2*m + 22. What are the prime factors of m?
5
Let a be (0 - (1 + -2))*1. Suppose 2*x = -a + 5. What are the prime factors of x?
2
Let r(w) = -3*w**2 - 4*w. Let v be r(4). Let h = -40 - v. What are the prime factors of h?
2, 3
Let r be (-2)/3 - (-11)/3. Suppose 3*a + 0*v - 27 = -r*v, 2*a = v + 9. Suppose 3*p - g - 5 = -a*g, -5*g - 25 = 0. List the prime factors of p.
2, 5
Suppose -i + 3 = -27. What are the prime factors of i?
2, 3, 5
Let w(m) = 19*m**2 + 2*m - 2. Let j be w(2). Suppose j = 4*a - 86. Suppose 0 = -4*f + 16, -f - f + a = 3*k. List the prime factors of k.
11
Let g(c) = 328*c - 10. What are the prime factors of g(1)?
2, 3, 53
Suppose 3*x + 0*x - 29 = -2*y, 34 = 3*x + y. What are the prime factors of x?
13
Suppose 42 = 3*r - r. Suppose -4*n = -n - r. What are the prime factors of n/(-21) - (-62)/6?
2, 5
Suppose -4 = -0*q - 2*q. Suppose -5 = d - 2*r, -5*r = -q*d + 5*d - 40. Let f(k) = -k**2 + 5*k + 2. List the prime factors of f(d).
2
Suppose 3*t + 40 = -c - 52, 0 = t + 2*c + 29. Let b = t - -19. Let v = b - -19. List the prime factors of v.
7
Let q be ((-1)/(-2))/((-9)/(-324)). What are the prime factors of (-168)/q*36/(-14)?
2, 3
